{"id":320,"date":"2022-11-27T19:46:16","date_gmt":"2022-11-28T00:46:16","guid":{"rendered":"http:\/\/sdsvcs.com\/?page_id=320"},"modified":"2022-12-04T19:37:54","modified_gmt":"2022-12-05T00:37:54","slug":"811-training","status":"publish","type":"page","link":"http:\/\/sdsvcs.com\/?page_id=320","title":{"rendered":"CALL BEFORE YOU DIG TRAINING  811 training"},"content":{"rendered":"\n\n\n<p>CALL BEFORE YOU DIG TRAINING<\/p>\n<p>\u00a0<\/p>\n<p>811 PROCEDURES<\/p>\n<p>call 811 on your cell<\/p>\n<p>or<\/p>\n<p>call 1-800-432-4770<\/p>\n<p>\u00a0<\/p>\n<p>call before you dig<\/p>\n<p>\u00a0<\/p>\n<p>hyperlink<\/p>\n<p>https:\/\/www.sunshine811.com\/<\/p>\n<p>you can also enter a ticket on this website<\/p>\n<p>\u00a0<\/p>\n<h1>Dig into Better Practices<\/h1>\n<p class=\"\">Avoid hitting underground facilities! Let us know when and where you&#8217;re digging (call 811 or use our online services)\u00a0and we&#8217;ll notify our member utility companies so they can mark their lines, pipes or cables near your job site. This is a <strong>FREE <\/strong>service.\u00a0Sunshine 811 is a call center and educational resource for Florida\u2019s excavators, underground facility owners and operators, and any other stakeholders wanting to prevent excavation damage to underground facilities.<\/p>\n<p class=\"\">Find resources to help you learn more about Sunshine 811 and safe digging best practices.<\/p>\n<div class=\"Mobile loaded\" data-nc-base=\"mobile-bar\" data-controller=\"AncillaryLayout\" data-controllers-bound=\"AncillaryLayout\">\n<div class=\"Mobile-bar Mobile-bar--top\" data-nc-group=\"top\" data-controller=\"MobileOffset\" data-controllers-bound=\"MobileOffset\">\n<div data-nc-container=\"top-left\">\u00a0<\/div>\n<div data-nc-container=\"top-right\">\u00a0<\/div>\n<\/div>\n<div class=\"Mobile-bar Mobile-bar--bottom\" data-nc-group=\"bottom\" data-controller=\"MobileOffset\" data-controllers-bound=\"MobileOffset\">\u00a0<\/div>\n<div class=\"Mobile-overlay\">\n<div class=\"Mobile-overlay-menu\" data-controller=\"MobileOverlayFolders\" data-controllers-bound=\"MobileOverlayFolders\">\n<div class=\"Mobile-overlay-menu-main\"><nav class=\"Mobile-overlay-nav Mobile-overlay-nav--primary\" data-content-field=\"navigation\"><a class=\"Mobile-overlay-nav-item\" href=\"tel:811\">Call 811<\/a><a class=\"Mobile-overlay-nav-item\" href=\"tel:+18004324770\">or (800) 432-4770<\/a><a class=\"Mobile-overlay-nav-item\" href=\"https:\/\/www.cga-dirt.com\/callsunshine\/control\/login.do?MESSAGE=login.required&amp;SSO_APP_ID=9&amp;SSO_BACK=https%253A%252F%252Fwww.cga-dirt.com%252Fcallsunshine%252Fcontrol%252FmainMenu.do%253FSSO_SESSION_ID%253D%2540SSO_SESSION_ID%2540\" target=\"_blank\" rel=\"noopener\">Report a Damage<\/a><a class=\"Mobile-overlay-nav-item\" href=\"https:\/\/exactix.sunshine811.com\/home\">Check Utility Responses<\/a><a class=\"Mobile-overlay-nav-item\" href=\"https:\/\/www.sunshine811.com\/calendar-1\">Calendar<\/a><\/nav><nav class=\"Mobile-overlay-nav Mobile-overlay-nav--secondary\" data-content-field=\"navigation\"><button class=\"Mobile-overlay-nav-item Mobile-overlay-nav-item--folder\" data-controller-folder-toggle=\"homeowner\"><span class=\"Mobile-overlay-nav-item--folder-label\">Homeowner<\/span> <\/button><button class=\"Mobile-overlay-nav-item Mobile-overlay-nav-item--folder\" data-controller-folder-toggle=\"excavator-1\"><span class=\"Mobile-overlay-nav-item--folder-label\">Excavator <\/span><\/button><button class=\"Mobile-overlay-nav-item Mobile-overlay-nav-item--folder\" data-controller-folder-toggle=\"members\"><span class=\"Mobile-overlay-nav-item--folder-label\">Members<\/span> <\/button><button class=\"Mobile-overlay-nav-item Mobile-overlay-nav-item--folder\" data-controller-folder-toggle=\"excavadores\"><span class=\"Mobile-overlay-nav-item--folder-label\">Espa\u00f1ol<\/span> <\/button><button class=\"Mobile-overlay-nav-item Mobile-overlay-nav-item--folder\" data-controller-folder-toggle=\"resources\"><span class=\"Mobile-overlay-nav-item--folder-label\">Resources<\/span> <\/button><button class=\"Mobile-overlay-nav-item Mobile-overlay-nav-item--folder\" data-controller-folder-toggle=\"about\"><span class=\"Mobile-overlay-nav-item--folder-label\">About<\/span> <\/button><a class=\"Mobile-overlay-nav-item\" href=\"https:\/\/www.sunshine811.com\/portal3\">CREATE A TICKET<\/a><\/nav><\/div>\n<div class=\"Mobile-overlay-folders\" data-content-field=\"navigation\">\n<div class=\"Mobile-overlay-folder\" data-controller-folder=\"homeowner\"><button class=\"Mobile-overlay-folder-item Mobile-overlay-folder-item--toggle\" data-controller-folder-toggle=\"homeowner\"><span class=\"Mobile-overlay-folder-item--toggle-label\">Back<\/span><\/button><a class=\"Mobile-overlay-folder-item\" href=\"https:\/\/www.sunshine811.com\/homeowner-lp\">Homeowner<\/a><a class=\"Mobile-overlay-folder-item\" href=\"https:\/\/www.sunshine811.com\/homeowner-faq\">Homeowner FAQ<\/a><a class=\"Mobile-overlay-folder-item\" href=\"https:\/\/www.sunshine811.com\/6-steps-to-safe-digging\">6 Steps to Safe Digging<\/a><a class=\"Mobile-overlay-folder-item\" href=\"https:\/\/www.sunshine811.com\/get-started-create-a-ticket\">Get Started: Create a Ticket<\/a><a class=\"Mobile-overlay-folder-item\" href=\"https:\/\/www.sunshine811.com\/when-can-i-dig\">When Can I Dig?<\/a><\/div>\n<div class=\"Mobile-overlay-folder\" data-controller-folder=\"excavator-1\"><button class=\"Mobile-overlay-folder-item Mobile-overlay-folder-item--toggle\" data-controller-folder-toggle=\"excavator-1\"><span class=\"Mobile-overlay-folder-item--toggle-label\">Back<\/span><\/button><a class=\"Mobile-overlay-folder-item\" href=\"https:\/\/www.sunshine811.com\/excavator-lp\">Excavator<\/a><a class=\"Mobile-overlay-folder-item\" href=\"https:\/\/www.sunshine811.com\/faqs\">FAQs<\/a><a class=\"Mobile-overlay-folder-item\" href=\"https:\/\/www.sunshine811.com\/excavator-instructions\">Excavator Instructions<\/a><a class=\"Mobile-overlay-folder-item\" href=\"https:\/\/www.sunshine811.com\/ite-training\">Ticket Entry Training<\/a><a class=\"Mobile-overlay-folder-item\" href=\"https:\/\/www.sunshine811.com\/about-responses\">About Utility Responses<\/a><a class=\"Mobile-overlay-folder-item\" href=\"https:\/\/www.sunshine811.com\/enforcement\">Enforcement<\/a><a class=\"Mobile-overlay-folder-item\" href=\"https:\/\/exactix.sunshine811.com\/home\">Create &amp; Search Tickets<\/a><a class=\"Mobile-overlay-folder-item\" href=\"https:\/\/www.sunshine811.com\/s\/cc-card-wf7y.jpg\">APWA Color Codes<\/a><\/div>\n<div class=\"Mobile-overlay-folder\" data-controller-folder=\"members\"><button class=\"Mobile-overlay-folder-item Mobile-overlay-folder-item--toggle\" data-controller-folder-toggle=\"members\"><span class=\"Mobile-overlay-folder-item--toggle-label\">Back<\/span><\/button><a class=\"Mobile-overlay-folder-item\" href=\"https:\/\/www.sunshine811.com\/members-lp\">Members LP<\/a><a class=\"Mobile-overlay-folder-item\" href=\"https:\/\/www.sunshine811.com\/hpsi\">High Priority Subsurface Installations<\/a><a class=\"Mobile-overlay-folder-item\" href=\"https:\/\/www.sunshine811.com\/enforcement\">Enforcement<\/a><a class=\"Mobile-overlay-folder-item\" href=\"https:\/\/www.sunshine811.com\/member-positive-response\">Member Positive Response<\/a><a class=\"Mobile-overlay-folder-item\" href=\"https:\/\/www.sunshine811.com\/become-member\">Become a Member<\/a><a class=\"Mobile-overlay-folder-item\" href=\"https:\/\/www.sunshine811.com\/associate-member\">Associate Members<\/a><a class=\"Mobile-overlay-folder-item\" href=\"https:\/\/identity.cga-dirt.com\/cgareg\/control\/login.do\">Submit a Damage Report<\/a><\/div>\n<div class=\"Mobile-overlay-folder\" data-controller-folder=\"excavadores\"><button class=\"Mobile-overlay-folder-item Mobile-overlay-folder-item--toggle\" data-controller-folder-toggle=\"excavadores\"><span class=\"Mobile-overlay-folder-item--toggle-label\">Back<\/span><\/button><a class=\"Mobile-overlay-folder-item\" href=\"https:\/\/www.sunshine811.com\/excavadores-lp\">Excavadores<\/a><a class=\"Mobile-overlay-folder-item\" href=\"https:\/\/www.sunshine811.com\/excavadores-1\">Excavadores<\/a><a class=\"Mobile-overlay-folder-item\" href=\"https:\/\/www.sunshine811.com\/empiece-el-proceso\">Empiece el proceso<\/a><a class=\"Mobile-overlay-folder-item\" href=\"https:\/\/www.sunshine811.com\/codigos-de-colores\">Codigos de Colores<\/a><a class=\"Mobile-overlay-folder-item\" href=\"https:\/\/www.sunshine811.com\/s\/gua-de-referencia.pdf\">Gu\u00eda de Referencia<\/a><a class=\"Mobile-overlay-folder-item\" href=\"https:\/\/www.sunshine811.com\/contacto-instalacin-subterrnea\">Contacto con o Da\u00f1o a una Instalaci\u00f3n Subterr\u00e1nea<\/a><\/div>\n<div class=\"Mobile-overlay-folder\" data-controller-folder=\"resources\"><button class=\"Mobile-overlay-folder-item Mobile-overlay-folder-item--toggle\" data-controller-folder-toggle=\"resources\"><span class=\"Mobile-overlay-folder-item--toggle-label\">Back<\/span><\/button><a class=\"Mobile-overlay-folder-item\" href=\"https:\/\/www.sunshine811.com\/resources-lp\">Resources<\/a><a class=\"Mobile-overlay-folder-item\" href=\"https:\/\/www.sunshine811.com\/education\">Education &amp; Training<\/a><a class=\"Mobile-overlay-folder-item\" href=\"https:\/\/www.sunshine811.com\/learning-center\">Learning Center | Forms<\/a><a class=\"Mobile-overlay-folder-item\" href=\"https:\/\/www.sunshine811.com\/news\">News<\/a><a class=\"Mobile-overlay-folder-item\" href=\"https:\/\/www.sunshine811.com\/ex-circumstances\">Extraordinary Circumstances<\/a><a class=\"Mobile-overlay-folder-item\" href=\"https:\/\/status.sunshine811.com\/\">System Status<\/a><a class=\"Mobile-overlay-folder-item\" href=\"https:\/\/sunshine811.atlassian.net\/servicedesk\/customer\/portal\/2\">Technical Support<\/a><\/div>\n<div class=\"Mobile-overlay-folder\" data-controller-folder=\"about\"><button class=\"Mobile-overlay-folder-item Mobile-overlay-folder-item--toggle\" data-controller-folder-toggle=\"about\"><span class=\"Mobile-overlay-folder-item--toggle-label\">Back<\/span><\/button><a class=\"Mobile-overlay-folder-item\" href=\"https:\/\/www.sunshine811.com\/about-1\">About<\/a><a class=\"Mobile-overlay-folder-item\" href=\"https:\/\/www.sunshine811.com\/board-of-directors\">Board of Directors<\/a><a class=\"Mobile-overlay-folder-item\" href=\"https:\/\/www.sunshine811.com\/contact\">Contact<\/a><a class=\"Mobile-overlay-folder-item\" href=\"https:\/\/www.sunshine811.com\/annual-reports\">Annual Reports<\/a><\/div>\n<\/div>\n<\/div>\n<button class=\"Mobile-overlay-close\" data-controller=\"MobileOverlayToggle\" data-controllers-bound=\"MobileOverlayToggle\"><\/button>\n<div class=\"Mobile-overlay-back\" data-controller=\"MobileOverlayToggle\" data-controllers-bound=\"MobileOverlayToggle\">\u00a0<\/div>\n<\/div>\n<\/div>\n<div class=\"Parallax-host-outer\">\n<div class=\"Parallax-host\" data-parallax-host=\"\">\n<div class=\"Parallax-item\" data-parallax-item=\"\" data-parallax-id=\"60a9c6454dcb02030b5bf4d3\">\u00a0<\/div>\n<\/div>\n<\/div>\n<div id=\"yui_3_17_2_1_1669599277348_83\" class=\"Site loaded\" data-nc-base=\"header\" data-controller=\"AncillaryLayout\" data-controllers-bound=\"AncillaryLayout\">\n<div class=\"sqs-announcement-bar-dropzone\">\u00a0<\/div>\n<div id=\"yui_3_17_2_1_1669599277348_82\" class=\"Site-inner\" data-controller=\"HeaderOverlay\" data-controllers-bound=\"HeaderOverlay\">\n<div id=\"yui_3_17_2_1_1669599277348_81\" class=\"Content-outer\">\n<section class=\"Intro Intro--has-image\" data-parallax-original-element=\"\" data-parallax-id=\"60a9c6454dcb02030b5bf4d3\" data-controller=\"Parallax\" data-controllers-bound=\"Parallax\">\n<div id=\"60a9c6454dcb02030b5bf4d3_intro\" class=\"sqs-layout sqs-grid-12 columns-12 Intro-content sqs-alternate-block-style-container empty\" data-layout-label=\"Intro\" data-type=\"block-field\">\n<div class=\"row sqs-row\">\n<div class=\"col sqs-col-12 span-12\">\u00a0<\/div>\n<\/div>\n<\/div>\n<\/section>\n<main id=\"yui_3_17_2_1_1669599277348_80\" class=\"Main Main--page\">\n<section id=\"yui_3_17_2_1_1669599277348_79\" class=\"Main-content\" data-content-field=\"main-content\">\n<div id=\"page-60a9c6454dcb02030b5bf4d3\" class=\"sqs-layout sqs-grid-12 columns-12\" data-type=\"page\" data-updated-on=\"1627344859059\">\n<div id=\"yui_3_17_2_1_1669599277348_78\" class=\"row sqs-row\">\n<div id=\"yui_3_17_2_1_1669599277348_77\" class=\"col sqs-col-11 span-11\">\n<div id=\"block-d968702cf7341d4596ae\" class=\"sqs-block html-block sqs-block-html\" data-block-type=\"2\">\n<div class=\"sqs-block-content\">\n<h1>Digging Near Buried Facilities<\/h1>\n<\/div>\n<\/div>\n<div id=\"yui_3_17_2_1_1669599277348_76\" class=\"row sqs-row\">\n<div id=\"yui_3_17_2_1_1669599277348_75\" class=\"col sqs-col-11 span-11\">\n<div id=\"yui_3_17_2_1_1669599277348_74\" class=\"row sqs-row\">\n<div class=\"col sqs-col-7 span-7\">\n<div id=\"block-2df776d9a2279f6b71eb\" class=\"sqs-block html-block sqs-block-html\" data-block-type=\"2\">\n<div class=\"sqs-block-content\">\n<h2>Tolerance Zone<\/h2>\n<p class=\"\">The flags and paint used to mark buried facilities show the approximate location of the physical facility.\u00a0They have a tolerance zone that runs 24 inches from the facility\u2019s outside edges.<\/p>\n<p class=\"\">When digging in the tolerance zone, excavators are required to use increased caution to protect and identify underground facilities. The protection requires hand digging, pot holing, soft digging, vacuum excavation methods, or other similar procedures. Any use of mechanized equipment within the tolerance zone must be supervised by the excavator.<\/p>\n<h2>Other Safe Digging Tips<\/h2>\n<ul data-rte-list=\"default\">\n<li>\n<p class=\"\">When exposing a facility while digging, provide adequate support and protection for it. Plus, provide adequate backfill upon completion.<\/p>\n<\/li>\n<li>\n<p class=\"\">If you haven&#8217;t confirmed the member responses before you dig and encounter an unmarked underground facility, stop and do some investigating. By checking the positive responses in Exactix, you will see if the member representative wants to be present or has some more information for you before you should begin digging. If that&#8217;s not the case, treat all unmarked lines as live.<\/p>\n<\/li>\n<\/ul>\n<h2>Contacting or Damaging a Buried Facility<\/h2>\n<p class=\"\">When digging near buried facilities, there is always a risk of contacting or damaging a buried facility, finding an unknown or unmarked facility, or locating a facility in danger of failing.\u00a0<\/p>\n<p class=\"\"><strong>If you contact or damage a buried facility, you must:<\/strong><\/p>\n<ul data-rte-list=\"default\">\n<li>\n<p class=\"\">Immediately notify the facility owner of the contact or damage, even if you can&#8217;t see any damage.<\/p>\n<\/li>\n<li>\n<p class=\"\">Stop all excavation in the immediate area that could cause further harm to the facility until the operator advises you otherwise.<\/p>\n<\/li>\n<\/ul>\n<p class=\"\"><strong>If you contact or damage a buried facility,\u00a0you must not:<\/strong><\/p>\n<ul data-rte-list=\"default\">\n<li>\n<p class=\"\">Ignore it.<\/p>\n<\/li>\n<li>\n<p class=\"\">Attempt to repair it.<\/p>\n<\/li>\n<li>\n<p class=\"\">Bury, hide or perform any backfilling in the immediate area.<\/p>\n<\/li>\n<\/ul>\n<p class=\"\"><strong>If the contact or damage causes an emergency involving danger to life, health, or property,\u00a0you must immediately:<\/strong><\/p>\n<ul data-rte-list=\"default\">\n<li>\n<p class=\"\">Evacuate your employees and all other endangered persons from the immediate vicinity to the best of your ability.<\/p>\n<\/li>\n<li>\n<p class=\"\">Call 911 and provide:<\/p>\n<ul data-rte-list=\"default\">\n<li>\n<p class=\"\">Exact location of the emergency.<\/p>\n<\/li>\n<li>\n<p class=\"\">Nature of the emergency.<\/p>\n<\/li>\n<li>\n<p class=\"\">Type of underground facility affected.<\/p>\n<\/li>\n<\/ul>\n<\/li>\n<\/ul>\n<\/div>\n<\/div>\n<\/div>\n<div id=\"yui_3_17_2_1_1669599277348_73\" class=\"col sqs-col-4 span-4\">\n<div id=\"block-yui_3_17_2_1_1621739076979_8793\" class=\"sqs-block image-block sqs-block-image sqs-text-ready\" data-aspect-ratio=\"58.25\" data-block-type=\"5\">\n<div id=\"yui_3_17_2_1_1669599277348_72\" class=\"sqs-block-content\">\n<div id=\"yui_3_17_2_1_1669599277348_71\" class=\"image-block-outer-wrapper\n          layout-caption-hidden\n          design-layout-inline\n          combination-animation-none\n          individual-animation-none\n          individual-text-animation-none\n         sqs-narrow-width\" data-test=\"image-block-inline-outer-wrapper\">\n<figure id=\"yui_3_17_2_1_1669599277348_70\" class=\"\n              sqs-block-image-figure\n              intrinsic\n            \">\n<div id=\"yui_3_17_2_1_1669599277348_69\" class=\"image-block-wrapper\" data-animation-role=\"image\">\n<div id=\"yui_3_17_2_1_1669599277348_68\" class=\"sqs-image-shape-container-element\n              \n          \n        \n              has-aspect-ratio\n            \"><img decoding=\"async\" class=\"thumb-image loaded\" src=\"https:\/\/images.squarespace-cdn.com\/content\/v1\/602d468e3d9bab5833f933d5\/1622205041033-5V026LUFMF5RL3N1O2UX\/tz.png?format=1500w\" alt=\"tz.png\" data-src=\"https:\/\/images.squarespace-cdn.com\/content\/v1\/602d468e3d9bab5833f933d5\/1622205041033-5V026LUFMF5RL3N1O2UX\/tz.png\" data-image=\"https:\/\/images.squarespace-cdn.com\/content\/v1\/602d468e3d9bab5833f933d5\/1622205041033-5V026LUFMF5RL3N1O2UX\/tz.png\" data-image-dimensions=\"400x227\" data-image-focal-point=\"0.5,0.5\" data-load=\"false\" data-image-id=\"60b0e2710878a937e758675d\" data-type=\"image\" data-image-resolution=\"1500w\" \/><\/div>\n<\/div>\n<\/figure>\n<\/div>\n<\/div>\n<\/div>\n<\/div>\n<\/div>\n<\/div>\n<\/div>\n<\/div>\n<div class=\"col sqs-col-1 span-1\">\u00a0<\/div>\n<\/div>\n<\/div>\n<\/section>\n<\/main><\/div>\n<\/div>\n<footer class=\"Footer\" role=\"contentinfo\" data-controller=\"FooterBreakpoints\" data-controllers-bound=\"FooterBreakpoints\">\n<div class=\"Footer-inner clear\">\n<div id=\"footerBlocksTop\" class=\"sqs-layout sqs-grid-12 columns-12 Footer-blocks Footer-blocks--top sqs-alternate-block-style-container empty\" data-layout-label=\"Footer Top Blocks\" data-type=\"block-field\" data-updated-on=\"1621611734544\">\n<div class=\"row sqs-row\">\n<div class=\"col sqs-col-12 span-12\">\u00a0<\/div>\n<\/div>\n<\/div>\n<div class=\"Footer-middle\">\n<div class=\"Footer-business\">\u00a0<\/div>\n<div id=\"footerBlocksMiddle\" class=\"sqs-layout sqs-grid-12 columns-12 Footer-blocks Footer-blocks--middle sqs-alternate-block-style-container\" data-layout-label=\"Footer Middle Blocks\" data-type=\"block-field\" data-updated-on=\"1662490732222\">\n<div class=\"row sqs-row\">\n<div class=\"col sqs-col-12 span-12\">\n<div id=\"block-e4cbad82906227f4ef6a\" class=\"sqs-block html-block sqs-block-html\" data-block-type=\"2\">\n<div class=\"sqs-block-content\">\n<h3>\u00a0<\/h3>\n<\/div>\n<\/div>\n<\/div>\n<\/div>\n<div class=\"row sqs-row\">\n<div class=\"col sqs-col-4 span-4\">\n<div class=\"col sqs-col-5 span-5\">\n<div id=\"block-yui_3_17_2_1_1662490690670_2819\" class=\"sqs-block search-block sqs-block-search\" data-block-type=\"33\">\n<div class=\"sqs-block-content\">\n<div id=\"yui_3_17_2_1_1669599277348_119\" class=\"sqs-search-ui-text-input sqs-search-ui-button-wrapper color-dark\" data-source=\"block\" data-preview=\"true\" data-collection=\"\">\n<div id=\"yui_3_17_2_1_1669599277348_124\" class=\"yui3-widget sqs-widget sqs-search-preview\">\n<div id=\"yui_3_17_2_1_1669599277348_126\" class=\"sqs-search-preview-content\">\u00a0<\/div>\n<\/div>\n<\/div>\n<\/div>\n<\/div>\n<\/div>\n<div class=\"col sqs-col-3 span-3\"><nav class=\"Footer-nav\" data-content-field=\"navigation\">\n<div class=\"Footer-nav-group\">\u00a0<\/div>\n<\/nav><\/div>\n<div id=\"footerBlocksBottom\" class=\"sqs-layout sqs-grid-12 columns-12 Footer-blocks Footer-blocks--bottom sqs-alternate-block-style-container\" data-layout-label=\"Footer Bottom Blocks\" data-type=\"block-field\" data-updated-on=\"1662490550611\">\n<div class=\"row sqs-row\">\n<div class=\"col sqs-col-12 span-12\">\n<div id=\"block-yui_3_17_2_1_1613586410418_5481\" class=\"sqs-block socialaccountlinks-v2-block sqs-block-socialaccountlinks-v2\" data-block-type=\"54\">\n<div class=\"sqs-block-content\">\n<div class=\"sqs-svg-icon--outer social-icon-alignment-center social-icons-color-black social-icons-size-small social-icons-style-regular \"><nav class=\"sqs-svg-icon--list\">\n<div>\u00a0<\/div>\n<div>\u00a0<\/div>\n<div>\u00a0<\/div>\n<div>\u00a0<\/div>\n<div>\u00a0<\/div>\n<\/nav><\/div>\n<\/div>\n<\/div>\n<div id=\"block-58d090b2d122e1e8dd93\" class=\"sqs-block html-block sqs-block-html\" data-block-type=\"2\">\n<div class=\"sqs-block-content\">\n<p class=\"\">\u00a0<\/p>\n<\/div>\n<\/div>\n<\/div>\n<\/div>\n<\/div>\n<\/div>\n<\/div>\n<\/div>\n<\/div>\n<\/div>\n<\/footer><\/div>\n<p>\u00a0<\/p>\n<p>\u00a0V<\/p>\n<p>\u00a0<\/p>\n<p>\u00a0<\/p>\n<p>\u00a0<\/p>\n","protected":false},"excerpt":{"rendered":"<p>CALL BEFORE YOU DIG TRAINING \u00a0 811 PROCEDURES call 811 on your cell or call 1-800-432-4770 \u00a0 call before you dig \u00a0 hyperlink https:\/\/www.sunshine811.com\/ you can also enter a ticket on this website \u00a0 Dig into Better Practices Avoid hitting underground facilities! Let us know when and where you&#8217;re digging (call 811 or use our [&hellip;]<\/p>\n","protected":false},"author":5,"featured_media":0,"parent":0,"menu_order":0,"comment_status":"closed","ping_status":"closed","template":"","meta":{"_monsterinsights_skip_tracking":false,"_monsterinsights_sitenote_active":false,"_monsterinsights_sitenote_note":"","_monsterinsights_sitenote_category":0,"footnotes":""},"class_list":["post-320","page","type-page","status-publish","hentry"],"_links":{"self":[{"href":"http:\/\/sdsvcs.com\/index.php?rest_route=\/wp\/v2\/pages\/320"}],"collection":[{"href":"http:\/\/sdsvcs.com\/index.php?rest_route=\/wp\/v2\/pages"}],"about":[{"href":"http:\/\/sdsvcs.com\/index.php?rest_route=\/wp\/v2\/types\/page"}],"author":[{"embeddable":true,"href":"http:\/\/sdsvcs.com\/index.php?rest_route=\/wp\/v2\/users\/5"}],"replies":[{"embeddable":true,"href":"http:\/\/sdsvcs.com\/index.php?rest_route=%2Fwp%2Fv2%2Fcomments&post=320"}],"version-history":[{"count":15,"href":"http:\/\/sdsvcs.com\/index.php?rest_route=\/wp\/v2\/pages\/320\/revisions"}],"predecessor-version":[{"id":352,"href":"http:\/\/sdsvcs.com\/index.php?rest_route=\/wp\/v2\/pages\/320\/revisions\/352"}],"wp:attachment":[{"href":"http:\/\/sdsvcs.com\/index.php?rest_route=%2Fwp%2Fv2%2Fmedia&parent=320"}],"curies":[{"name":"wp","href":"https:\/\/api.w.org\/{rel}","templated":true}]}}